2*h + 790 = 4*p, 3*p - 785 = -p + 3*h. What is the units digit of p?
7
Let n(d) = 31*d + 5. What is the tens digit of n(2)?
6
Let c be ((-2)/8 + -2)*-4. Let t = 12 + -12. Let s = t + c. What is the units digit of s?
9
Let x(s) = 83*s**3 + 1. Let j be x(1). Suppose -5*k + 65 = 2*o - 40, 0 = -4*k + 5*o + j. What is the tens digit of k?
2
Let g be -1*(2 - (10 - 2)). Suppose g*x - 30 = x. What is the units digit of x?
6
Let v(z) = 15*z**2 - 2*z + 1. Let u be v(1). Suppose 5*q - 2*m = 3*m, 0 = 2*q + 5*m + u. What is the units digit of (q + 7 - 0) + 1?
6
Let b be 5/(45/(-12))*9. Let z = -28 + 47. Let s = z + b. What is the units digit of s?
7
Let k(h) = -h**3 + 7*h**2 + h + 3. What is the units digit of k(6)?
5
Let s(r) = r - 1. Let o = 0 - -2. Let d be s(o). Let k(x) = 2*x + 1. What is the units digit of k(d)?
3
Let d be ((-5)/(-2))/(1/2). Suppose -4*h - 104 = -4*s, d*h = s - 0*s - 46. What is the units digit of s?
1
Let s be 1 - -30 - 6/(-3). Suppose 0*q = 3*q - s. Suppose 0 = -2*g + q + 3. What is the units digit of g?
7
Let t be 3 - 1 - (-12)/4. Let q(n) = -n**3 + 3*n**2 - 3. Let p be q(3). Let l = t - p. What is the units digit of l?
8
Let s(d) = -d. Let l(v) = -3*v - 3. Let z(a) = l(a) - 5*s(a). Let j be z(-4). Let b = -6 - j. What is the units digit of b?
5
Suppose 12 + 3 = 5*t. Suppose -65 = -8*r + t*r. What is the tens digit of r + 2 + 0 + 0?
1
Suppose 2*m + 7 = 3*m. What is the units digit of m?
7
Suppose 4*u = -0*u + 116. What is the tens digit of u?
2
Suppose -3*w + 3 = -3*b, 2*b - 3 = -w + 1. Suppose -r + 21 = 4*m - w*m, 4*m - 33 = r. What is the units digit of m?
9
Let o(f) = 14*f - 2. What is the tens digit of o(7)?
9
Let b be 4/(-6) + (-22)/3. Let t(y) = -2*y**3 - 3*y**2 + 4*y + 4. Let v be t(-3). Let r = v + b. What is the tens digit of r?
1
Suppose 2*j = -4*s + 212, s + 221 = 2*j - 4*s. What is the hundreds digit of j?
1
Suppose -6*f + 10*f - 580 = 0. What is the units digit of f?
5
Let s = -294 - -468. What is the tens digit of s?
7
Let w(z) = -3 + 3*z - 2*z + 16 - 3. Let k = -1 - 5. What is the units digit of w(k)?
4
Suppose 3*j - z - 1 = 0, 2*j + z - 3*z + 6 = 0. What is the units digit of 9/j*(-4)/(-6)?
3
Let i(x) = 62*x**2 - 1. Let v be i(1). Suppose 19 = 2*k - v. What is the units digit of k?
0
Suppose -5*y = -5*f + 25, 4*y - 8 = 8*y. Suppose a + f*a = 16. What is the units digit of a?
4
Suppose 6*i = 2*i - 24. Let k = -4 - i. Suppose -4*w - 18 = -2*z, -k*z - z = 2*w - 11. What is the units digit of z?
5
Let h = -145 - -252. What is the hundreds digit of h?
1
Let h = 495 + -295. What is the hundreds digit of h?
2
Let m(q) = q**2 - 8*q - 9. What is the units digit of m(10)?
1
Let u = 20 + 1. What is the tens digit of u?
2
Let i(s) = -15*s**3 - 2*s**2 - 2*s - 1. Let u be i(-1). Suppose -r - 2*k = -u, 3 = 3*r - 2*k + 1. What is the units digit of r?
4
Suppose 0 = 5*r - 4*r - 48. What is the tens digit of r?
4
Let q(v) = -v - 3. Let s be q(-3). Let d be (s - -1)/(-2)*-8. Suppose 3*t = t + d. What is the units digit of t?
2
Suppose 2*j - 4*j = -8. What is the units digit of 2*(-1)/j*-10?
5
Suppose 0 = 4*i - 3 - 9. What is the tens digit of (-6 - 39)*(-1)/i?
1
Let x be 3*1/(6/10). Suppose 62 = x*w + 22. What is the units digit of w?
8
Let k(x) = -2*x + 5. Let s be k(5). Let o = -4 - s. Let v = o + 2. What is the units digit of v?
3
Let z(r) = r**2 - r + 10. Let n be z(0). Suppose 2*w = -n + 2. What is the units digit of (-6)/(-4) - 22/w?
7
Let f be (-85)/(-15) + (-4)/6. Let z(l) = 3*l**2 - 6*l - 4. Let s be z(f). Suppose -t - s = -5*p, 3*p - 3*t - t - 28 = 0. What is the units digit of p?
8
Let n(c) = c**2 + 5*c - 3. Let r be n(-7). What is the tens digit of 0 + -2 + r + 2?
1
Let f = 9 - -1. Suppose -t - f - 1 = -3*k, 0 = -3*k + 4*t + 26. Suppose 3*w - 4 = k. What is the units digit of w?
2
Suppose -4*y - j = -13, -4*y + 2 = -j - 1. Suppose 2*c - 8 = y. What is the tens digit of (2/4)/(c/110)?
1
Suppose -2*p - i = -93, -p + 10 = -2*i - 34. What is the units digit of p?
6
Suppose -12 = -0*r - 3*r. What is the units digit of r?
4
Suppose y + 1 = 0, -y - 10 = 3*l - 6*l. Suppose l*d + 3*h = -18, -5*d = -0*d - 2*h + 65. Let a(p) = -p**3 - 12*p**2 - 11*p + 3. What is the units digit of a(d)?
3
Suppose -5*i + 3*i - 16 = 0. Let m(x) = x**2 + 5*x - 19. What is the units digit of m(i)?
5
Suppose 2*s - 9 = -1. Suppose -2 = -s*m + 6. What is the units digit of m?
2
Let v be 0/((4 - 3)*2). Suppose -3*u + 5*p + 70 = 0, -3*u + 2*p = -v*p - 55. What is the units digit of u?
5
Suppose 0*m + 432 = 4*m. What is the units digit of m?
8
Let a(i) = i**3 + 7*i**2 - 2*i + 7. What is the units digit of a(-6)?
5
Suppose -3 + 5 = q + f, 5*q = 2*f + 24. What is the units digit of q?
4
Suppose -2*s = 4*p + 14, -4*p + s + 5 - 4 = 0. Let j be (7 + -2)/(p - -2). Suppose j*q - 22 + 2 = 0. What is the units digit of q?
4
Suppose -9 = -5*r + 1. What is the tens digit of (-4)/(r*1/(-5))?
1
Let n = 6 + -2. Suppose n*a - 17 = -1. Suppose -a*j + 12 = -4. What is the units digit of j?
4
Suppose 3*q + 12 = -4*u, 0 = -0*u - 3*u - 2*q - 10. Let y = 0 - u. Suppose -3*i + y + 11 = s, -2*s = -5*i + 10. What is the units digit of i?
4
Let y(z) = -2*z - 9. Let i = -6 + 0. Let s be y(i). What is the units digit of (s/(-2))/((-3)/4)?
2
Let a(v) = -v - 1. Let b be a(-4). Let c(y) = -1 + 3*y**b - 4*y**3 - 4 + 6*y**2 + 3*y**2 - 6*y. What is the tens digit of c(8)?
1
Suppose 9 = l - 2*s + 3, -4*l - 9 = 3*s. Let v be -1 + l + (-5 - -7). What is the units digit of 22/((-2)/(-1)) - v?
0
Let b = 4 - -4. Suppose y - 3*v = 51, -y - 133 = -4*y + 4*v. Suppose -y - 22 = -5*o + u, 4*u = -o + b. What is the units digit of o?
2
Let i(t) = t - 1. Let o be i(7). Suppose -4*f - 2*n - 4 + 18 = 0, -2*f + o = 2*n. What is the units digit of f?
4
Suppose 7*u - 2*u + 3*i = 14, 4*i = 12. Let l = u - 4. What is the units digit of (1*4)/(l/(-6))?
8
Let v = -31 - -92. What is the tens digit of v?
6
Let n = -10 + 15. Let a = 19 + n. What is the tens digit of a?
2
Suppose -2*f - 150 = -7*f. What is the units digit of f?
0
Let g(x) = -3*x + 2. Let h be g(3). Let j(q) = q**3 + 8*q**2 + 6*q - 4. What is the units digit of j(h)?
3
Let a(n) = 10 + 10 - 19 - 6*n. What is the tens digit of a(-2)?
1
Let s = -23 - -63. What is the tens digit of s?
4
Suppose 0*i = 4*i - 8. Suppose -6 = i*u - 3*u. What is the units digit of u?
6
Suppose 7*q - 2*q = 75. Let a = -2 + q. What is the tens digit of a?
1
Let g be 0 - 2*(-9)/(-6). Let n = -7 - g. Let p = n + 14. What is the units digit of p?
0
Let k = 19 + 0. Let h(m) = 6*m + 4. Let u be h(4). Let r = u - k. What is the units digit of r?
9
Let t be 2 + (4/(-2) - 0). Suppose 5*y - 2*o - 3*o = -15, -y - 2*o - 6 = t. Let i = y + 8. What is the units digit of i?
4
Let x(a) = -a**3 - 2*a**2 + a + 25. What is the tens digit of x(0)?
2
Suppose -3*t + 2 = -1. Let m = -7 - -6. What is the units digit of (-6)/3*t*m?
2
Suppose -3*b = -b - 6. Suppose b + 9 = 3*g. Suppose -g*l + 4*z = -28, 0 = l - 5*z + z + 8. What is the units digit of l?
2
Let j be ((-2)/(-1))/(4/6). Suppose 8*f = j*f + 60. Let k = -3 + f. What is the units digit of k?
9
Suppose -124 = -4*t - 8. What is the units digit of t?
9
What is the tens digit of (-9)/(9/10)*13/(-2)?
6
Let c = 286 - 86. What is the hundreds digit of c?
2
Suppose 1956 = 12*z - 0*z. What is the tens digit of z?
6
Let s be (1/1 - 0) + -1. Suppose 2*k = -6, s = x + 3*x + 3*k + 41. Let c = -4 - x. What is the units digit of c?
4
Let f be (-2 + -1 + -2)/(-1). Suppose 2*v = -g + 5*v + 14, 0 = -2*g + f*v + 30. What is the units digit of g?
0
Let r(n) = n + 9. Suppose -p + 2 = 6. Let w be r(p). Suppose -i = 4*b - 42, w*b = 4*i + 13 + 29. What is the units digit of b?
0
Let v = -3 - -4. Let f = v + 21. What is the tens digit of f?
2
Suppose 2*r + 6 = -2*w, -2*w + 4*r - 3 = 3*r. Let a be 8/(w*3/(-12)). Suppose q = -o - 4*o + 6, 0 = 4*o - 2*q - a. What is the units digit of o?
2
Suppose v = 1 + 2. Suppose v*q + 2*q = 45. What is the units digit of q?
9
Let s = 28 + -13. Suppose 21 = -3*t + 5*g + 62, s = 5*t + 5*g. What is the units digit of t?
7
Let w = -2 + 5. Suppose -3 - 3 = -w*k. What is the units digit of k?
2
Let x be (-10 - (1 + 2))/1. Let c = 20 + x. Suppose w + 4*v = c, 2*w + 3*v - 6 = 8. What is the units digit of w?
7
Suppose 4*p - 8 = 5*q - 105